{"id":246,"date":"2015-08-17T07:20:32","date_gmt":"2015-08-17T06:20:32","guid":{"rendered":"https:\/\/confector.hu\/nyilaszaro\/?page_id=246"},"modified":"2024-11-05T12:01:18","modified_gmt":"2024-11-05T11:01:18","slug":"akcios-aluminium-nyilaszarok","status":"publish","type":"page","link":"https:\/\/confector.hu\/nyilaszaro\/akcios-aluminium-nyilaszarok\/","title":{"rendered":"Akci\u00f3s alum\u00ednium ny\u00edl\u00e1sz\u00e1r\u00f3k"},"content":{"rendered":"<h3>Akci\u00f3s alum\u00ednium ny\u00edl\u00e1sz\u00e1r\u00f3k: mi\u00e9rt akci\u00f3s, \u00e9s kiknek aj\u00e1nljuk?<\/h3>\n<p>&nbsp;<\/p>\n<p style=\"text-align: justify;\">C\u00e9g\u00fcnk a v\u00e1ltoz\u00f3 piaci k\u00f6rnyezethez igazodva a cs\u00facskateg\u00f3ri\u00e1s Sch\u00fcco alum\u00ednium ny\u00edl\u00e1sz\u00e1r\u00f3k mellett a belga Aliplast alum\u00ednium rendszert felhaszn\u00e1l\u00f3 szerkezetek gy\u00e1rt\u00e1s\u00e1t is megkezdte, amely j\u00f3 \u00e1r-\u00e9rt\u00e9k ar\u00e1nya miatt versenyk\u00e9pes alternat\u00edv\u00e1t k\u00edn\u00e1l. Kedvez\u0151bb \u00e1ra, megfelel\u0151 falvastags\u00e1ga \u00e9s j\u00f3 h\u0151szigetel\u00e9si k\u00e9pess\u00e9ge teszi n\u00e9pszer\u0171v\u00e9 \u00fcgyfeleink k\u00f6r\u00e9ben. A kiv\u00e1l\u00f3 min\u0151s\u00e9g\u0171 Aliplast alum\u00ednium profilok magas m\u0171szaki param\u00e9terei teljes\u00edtik az eur\u00f3pai szabv\u00e1nyok k\u00f6vetelm\u00e9nyeit \u2013 v\u00edzz\u00e1r\u00e1s, l\u00e9gz\u00e1r\u00e1s, sz\u00e9l\u00e1ll\u00f3s\u00e1g, h\u0151szigetel\u00e9s, akusztika \u00e9s egy\u00e9b k\u00f6vetelm\u00e9nyek.<\/p>\n<p style=\"text-align: justify;\">Alum\u00ednium rendszerb\u0151l gy\u00e1rthat\u00f3 egy-, illetve k\u00e9tsz\u00e1rny\u00fa belt\u00e9ri ajt\u00f3, ami lehet f\u00fcstg\u00e1tl\u00f3, \u00e9s teljesen automatiz\u00e1lt is. Gy\u00e1rthat\u00f3ak tov\u00e1bb\u00e1 fix; ny\u00edl\u00f3, buk\u00f3-ny\u00edl\u00f3, buk\u00f3-tol\u00f3 szerkezetek. Biztons\u00e1gi fokozatai a rendszernek az alap biztons\u00e1gt\u00f3l ak\u00e1r a WK3 biztons\u00e1gi fokozatig fejleszthet\u0151k.<\/p>\n<p>&nbsp;<\/p>\n<h3 style=\"text-align: justify;\">Econoline (akci\u00f3s alum\u00ednium ny\u00edl\u00e1sz\u00e1r\u00f3k)<\/h3>\n<p style=\"text-align: justify;\">Econoline alum\u00ednium profilrendszer h\u0151h\u00eddmegszak\u00edt\u00e1s n\u00e9lk\u00fcli rendszer, mely alkalmas bels\u0151 terek elv\u00e1laszt\u00e1s\u00e1ra. Profil be\u00e9p\u00edt\u00e9si m\u00e9lys\u00e9ge 51 mm, 3-t\u00f3l 38 mm vastag \u00fcvegszerkezet fogad\u00e1s\u00e1ra alkalmas. Minden olyan ter\u00fcleten felhaszn\u00e1lhat\u00f3, ahol nincs sz\u00fcks\u00e9g h\u0151h\u00edd megszak\u00edt\u00e1sra: pl. csal\u00e1di h\u00e1zak, irodah\u00e1zak bels\u0151 helyis\u00e9geit eszt\u00e9tikus m\u00f3don elv\u00e1laszthat\u00f3v\u00e1 teszi.<\/p>\n<p style=\"text-align: justify;\"><img loading=\"lazy\" decoding=\"async\" src=\"https:\/\/confector.hu\/nyilaszaro\/wp-content\/uploads\/2015\/08\/akcios-aluminium-econoline-1.jpg\" alt=\"akcios-aluminium-econoline-1\" class=\"alignnone  wp-image-419\" height=\"473\" width=\"301\" srcset=\"https:\/\/confector.hu\/nyilaszaro\/wp-content\/uploads\/2015\/08\/akcios-aluminium-econoline-1.jpg 420w, https:\/\/confector.hu\/nyilaszaro\/wp-content\/uploads\/2015\/08\/akcios-aluminium-econoline-1-191x300.jpg 191w\" sizes=\"auto, (max-width: 301px) 100vw, 301px\" \/><img loading=\"lazy\" decoding=\"async\" src=\"https:\/\/confector.hu\/nyilaszaro\/wp-content\/uploads\/2015\/08\/akcios-aluminium-econoline-2.jpg\" alt=\"akcios-aluminium-econoline-2\" class=\"alignnone size-full wp-image-420\" height=\"503\" width=\"420\" srcset=\"https:\/\/confector.hu\/nyilaszaro\/wp-content\/uploads\/2015\/08\/akcios-aluminium-econoline-2.jpg 420w, https:\/\/confector.hu\/nyilaszaro\/wp-content\/uploads\/2015\/08\/akcios-aluminium-econoline-2-250x300.jpg 250w\" sizes=\"auto, (max-width: 420px) 100vw, 420px\" \/><\/p>\n<p>&nbsp;<\/p>\n<h3 style=\"text-align: justify;\">Imperial (akci\u00f3s alum\u00ednium ny\u00edl\u00e1sz\u00e1r\u00f3k)<strong><\/strong><\/h3>\n<p style=\"text-align: justify;\">Kifejezetten j\u00f3 \u00e1r-\u00e9rt\u00e9k ar\u00e1ny\u00fa, h\u00e1rom l\u00e9gkamr\u00e1s rendszer, melyet bej\u00e1rati ajt\u00f3k, homlokzati ablakok, valamint port\u00e1lszerkezetek gy\u00e1rt\u00e1s\u00e1ra fejlesztettek ki. Azoknak aj\u00e1nljuk, akiknek fontos a k\u00f6lts\u00e9ghat\u00e9konys\u00e1g, de m\u00e9gis id\u0151t\u00e1ll\u00f3 ablakot v\u00e1lasztan\u00e1nak. A profilok h\u0151\u00e1tbocs\u00e1t\u00e1si t\u00e9nyez\u0151je UR= 2,2 \u2013 2,3 W\/m2K. Az ablak- \u00e9s ajt\u00f3k, be\u00e9p\u00edt\u00e9si m\u00e9lys\u00e9ge 65 mm, a sz\u00e1rnyprofilok vastags\u00e1ga 74 mm. A profilok falvastags\u00e1ga 1.7 \u2013 2.0 mm. A rendszerben alkalmazhat\u00f3 nagy sz\u00e1rnysz\u00e9less\u00e9g\u0171 ablakok kialak\u00edt\u00e1sa: 1300 mm sz\u00e9less\u00e9g \u2013 2200 mm maxim\u00e1lis magass\u00e1gig. Az \u00fcvegvastags\u00e1g 4 \u00e9s 51 mm k\u00f6z\u00f6tt v\u00e1ltozhat. Min\u0151s\u00e9gi vasalatok \u00e9s kieg\u00e9sz\u00edt\u0151k kiel\u00e9g\u00edtenek minden eszt\u00e9tikai \u00e9s m\u0171szaki ig\u00e9nyt.<\/p>\n<p style=\"text-align: justify;\"><img loading=\"lazy\" decoding=\"async\" src=\"https:\/\/confector.hu\/nyilaszaro\/wp-content\/uploads\/2015\/08\/akcios-aluminium-imperial-1.jpg\" alt=\"akcios-aluminium-imperial-1\" class=\"alignnone size-full wp-image-423\" height=\"485\" width=\"420\" srcset=\"https:\/\/confector.hu\/nyilaszaro\/wp-content\/uploads\/2015\/08\/akcios-aluminium-imperial-1.jpg 420w, https:\/\/confector.hu\/nyilaszaro\/wp-content\/uploads\/2015\/08\/akcios-aluminium-imperial-1-260x300.jpg 260w\" sizes=\"auto, (max-width: 420px) 100vw, 420px\" \/><img loading=\"lazy\" decoding=\"async\" src=\"https:\/\/confector.hu\/nyilaszaro\/wp-content\/uploads\/2015\/08\/akcios-aluminium-imperial-2.jpg\" alt=\"akcios-aluminium-imperial-2\" class=\"alignnone size-full wp-image-424\" height=\"256\" width=\"420\" srcset=\"https:\/\/confector.hu\/nyilaszaro\/wp-content\/uploads\/2015\/08\/akcios-aluminium-imperial-2.jpg 420w, https:\/\/confector.hu\/nyilaszaro\/wp-content\/uploads\/2015\/08\/akcios-aluminium-imperial-2-300x183.jpg 300w\" sizes=\"auto, (max-width: 420px) 100vw, 420px\" \/><\/p>\n<p>&nbsp;<\/p>\n<h3>Superial (akci\u00f3s alum\u00ednium ny\u00edl\u00e1sz\u00e1r\u00f3k)<strong><\/strong><\/h3>\n<p style=\"text-align: justify;\">SUPERIAL profilrendszer az Aliplast k\u00f6z\u00e9pkateg\u00f3ri\u00e1j\u00e1t k\u00e9pvisel\u0151, fokozottan h\u0151szigetel\u0151, h\u00e1rom l\u00e9gkamr\u00e1s alum\u00ednium rendszer. H\u0151h\u00eddmegszak\u00edt\u00f3nak, valamint a plusz kamrat\u00f6m\u00edt\u00e9snek k\u00f6sz\u00f6nhet\u0151en \u2013 amely \u00fcvegsz\u00e1l er\u0151s\u00edt\u00e9s\u0171 t\u00f6bb kamr\u00e1b\u00f3l \u00e1ll\u00f3 t\u00f6m\u00edt\u00e9s \u2013 a szerkezet el\u00e9ri az UR&lt; 2,0 W\/m2K \u00e9rt\u00e9ket, \u00edgy 1.0 keretcsoportba tartozik. Profilok be\u00e9p\u00edt\u00e9si m\u00e9lys\u00e9ge 75 mm, a sz\u00e1rnyak\u00e9 84 mm. SUPERIAL rendszer m\u00e1s szerkezetek szerelv\u00e9nyeire \u00e9p\u00fcl. A szerkezet kiv\u00e1l\u00f3 akusztikai tulajdons\u00e1gokkal is rendelkezik. Az \u00fcveg vastags\u00e1ga 14 \u00e9s 61 mm k\u00f6z\u00f6tt \u00e9p\u00edthet\u0151 be. Azoknak aj\u00e1nljuk, akik j\u00f3 h\u0151szigetel\u0151 k\u00e9pess\u00e9g\u0171 \u00e9s tart\u00f3s ny\u00edl\u00e1sz\u00e1r\u00f3 rendszerre v\u00e1gynak.<\/p>\n<p style=\"text-align: justify;\"><img loading=\"lazy\" decoding=\"async\" src=\"https:\/\/confector.hu\/nyilaszaro\/wp-content\/uploads\/2015\/08\/akcios-aluminium-superial-1.jpg\" alt=\"akcios-aluminium-superial-1\" class=\"alignnone  wp-image-427\" height=\"497\" width=\"338\" srcset=\"https:\/\/confector.hu\/nyilaszaro\/wp-content\/uploads\/2015\/08\/akcios-aluminium-superial-1.jpg 420w, https:\/\/confector.hu\/nyilaszaro\/wp-content\/uploads\/2015\/08\/akcios-aluminium-superial-1-204x300.jpg 204w\" sizes=\"auto, (max-width: 338px) 100vw, 338px\" \/><img loading=\"lazy\" decoding=\"async\" src=\"https:\/\/confector.hu\/nyilaszaro\/wp-content\/uploads\/2015\/08\/akcios-aluminium-superial-2.jpg\" alt=\"akcios-aluminium-superial-2\" class=\"alignnone size-full wp-image-429\" height=\"494\" width=\"420\" srcset=\"https:\/\/confector.hu\/nyilaszaro\/wp-content\/uploads\/2015\/08\/akcios-aluminium-superial-2.jpg 420w, https:\/\/confector.hu\/nyilaszaro\/wp-content\/uploads\/2015\/08\/akcios-aluminium-superial-2-255x300.jpg 255w\" sizes=\"auto, (max-width: 420px) 100vw, 420px\" \/><\/p>\n<p>&nbsp;<\/p>\n<h3 style=\"text-align: justify;\">Star (akci\u00f3s alum\u00ednium ny\u00edl\u00e1sz\u00e1r\u00f3k)<\/h3>\n<p style=\"text-align: justify;\">Star az Aliplast term\u00e9kportf\u00f3li\u00f3j\u00e1nak fels\u0151 kateg\u00f3ri\u00e1j\u00e1t k\u00e9pviseli. A Star alum\u00ednium rendszer kiemelt h\u0151szigetel\u0151 tulajdons\u00e1gokkal rendelkez\u0151, h\u00e1rom kamr\u00e1s rendszer. A 45 mm sz\u00e9les h\u0151h\u00eddmegszak\u00edt\u00f3 \u00e9s a k\u00f6z\u00e9ps\u0151 kamr\u00e1ban elhelyezett szigetel\u0151 bet\u00e9t seg\u00edts\u00e9g\u00e9vel, profil\u00f6sszet\u00e9telt\u0151l f\u00fcgg\u0151en 0,6-1,23 W\/m2K is lehet. Alkalmaz\u00e1s\u00e1t illet\u0151en lehet befel\u00e9 \u00e9s kifel\u00e9 ny\u00edl\u00f3, egy \u00e9s k\u00e9tsz\u00e1rny\u00fa, ny\u00edl\u00f3, buk\u00f3-ny\u00edl\u00f3, buk\u00f3-tol\u00f3. Lehet\u0151s\u00e9g van a rendszerb\u0151l szalagablakok, kifel\u00e9 ny\u00edl\u00f3 homlokzati ny\u00edl\u00e1sz\u00e1r\u00f3k gy\u00e1rt\u00e1s\u00e1ra. Azon vev\u0151inknek aj\u00e1nljuk, akiknek a h\u0151szigetel\u00e9si k\u00e9pess\u00e9g \u00e9s a min\u0151s\u00e9g elengedhetetlen, \u00e9s ak\u00e1r passz\u00edvh\u00e1z min\u0151s\u00e9g\u0171 l\u00e9gz\u00e1r\u00e1ssal keresnek ny\u00edl\u00e1sz\u00e1r\u00f3t.<\/p>\n<p style=\"text-align: justify;\"><img loading=\"lazy\" decoding=\"async\" src=\"https:\/\/confector.hu\/nyilaszaro\/wp-content\/uploads\/2015\/08\/akcios-aluminium-star-1.jpg\" alt=\"akcios-aluminium-star-1\" class=\"alignnone size-full wp-image-431\" height=\"403\" width=\"420\" srcset=\"https:\/\/confector.hu\/nyilaszaro\/wp-content\/uploads\/2015\/08\/akcios-aluminium-star-1.jpg 420w, https:\/\/confector.hu\/nyilaszaro\/wp-content\/uploads\/2015\/08\/akcios-aluminium-star-1-300x288.jpg 300w\" sizes=\"auto, (max-width: 420px) 100vw, 420px\" \/><img loading=\"lazy\" decoding=\"async\" src=\"https:\/\/confector.hu\/nyilaszaro\/wp-content\/uploads\/2015\/08\/akcios-aluminium-star-2.jpg\" alt=\"akcios-aluminium-star-2\" class=\"alignnone size-full wp-image-432\" height=\"235\" width=\"420\" srcset=\"https:\/\/confector.hu\/nyilaszaro\/wp-content\/uploads\/2015\/08\/akcios-aluminium-star-2.jpg 420w, https:\/\/confector.hu\/nyilaszaro\/wp-content\/uploads\/2015\/08\/akcios-aluminium-star-2-300x168.jpg 300w\" sizes=\"auto, (max-width: 420px) 100vw, 420px\" \/><\/p>\n<p>&nbsp;<\/p>\n<h3>Aliplast Ecoslide (akci\u00f3s alum\u00ednium ny\u00edl\u00e1sz\u00e1r\u00f3k)<\/h3>\n<p style=\"text-align: justify;\">Ecoslide rendszer h\u0151 hidas alum\u00ednium rendszer, amely kiv\u00e1l\u00f3an alkalmas p\u00e9ld\u00e1ul erk\u00e9lybe\u00e9p\u00edt\u00e9shez, k\u00fcls\u0151 f\u0171tetlen, vagy azonos h\u0151m\u00e9rs\u00e9klet\u0171 terek elv\u00e1laszt\u00e1s\u00e1hoz. Az 51 mm-es be\u00e9p\u00edt\u00e9si m\u00e9lys\u00e9ge, keskeny megjelen\u00e9se, sz\u00e9les v\u00e1laszt\u00e9k\u00fa nyit\u00e1sa k\u00f6zkedvelt a megrendel\u0151ink k\u00f6z\u00f6tt.<\/p>\n<p style=\"text-align: justify;\"><img loading=\"lazy\" decoding=\"async\" src=\"https:\/\/confector.hu\/nyilaszaro\/wp-content\/uploads\/2015\/08\/akcios-aluminium-ecoslide-2.jpg\" alt=\"akcios-aluminium-ecoslide-2\" class=\"alignnone size-full wp-image-436\" height=\"225\" width=\"420\" srcset=\"https:\/\/confector.hu\/nyilaszaro\/wp-content\/uploads\/2015\/08\/akcios-aluminium-ecoslide-2.jpg 420w, https:\/\/confector.hu\/nyilaszaro\/wp-content\/uploads\/2015\/08\/akcios-aluminium-ecoslide-2-300x161.jpg 300w\" sizes=\"auto, (max-width: 420px) 100vw, 420px\" \/><img loading=\"lazy\" decoding=\"async\" src=\"https:\/\/confector.hu\/nyilaszaro\/wp-content\/uploads\/2015\/08\/akcios-aluminium-ecoslide-1.jpg\" alt=\"akcios-aluminium-ecoslide-1\" class=\"alignnone size-full wp-image-435\" height=\"378\" width=\"420\" srcset=\"https:\/\/confector.hu\/nyilaszaro\/wp-content\/uploads\/2015\/08\/akcios-aluminium-ecoslide-1.jpg 420w, https:\/\/confector.hu\/nyilaszaro\/wp-content\/uploads\/2015\/08\/akcios-aluminium-ecoslide-1-300x270.jpg 300w\" sizes=\"auto, (max-width: 420px) 100vw, 420px\" \/><\/p>\n<div class=\"erdeklodom\"><a href=\"https:\/\/confector.hu\/nyilaszaro\/kapcsolat\">\u00c9rdekl\u0151d\u00f6m <i class=\"fa fa-arrow-circle-right\"><\/i><\/a><\/div>\n","protected":false},"excerpt":{"rendered":"<p>Akci\u00f3s alum\u00ednium ny\u00edl\u00e1sz\u00e1r\u00f3k: mi\u00e9rt akci\u00f3s, \u00e9s kiknek aj\u00e1nljuk? &nbsp; C\u00e9g\u00fcnk a v\u00e1ltoz\u00f3 piaci k\u00f6rnyezethez igazodva a cs\u00facskateg\u00f3ri\u00e1s Sch\u00fcco alum\u00ednium ny\u00edl\u00e1sz\u00e1r\u00f3k mellett a belga Aliplast alum\u00ednium rendszert felhaszn\u00e1l\u00f3 szerkezetek gy\u00e1rt\u00e1s\u00e1t is megkezdte, amely j\u00f3 \u00e1r-\u00e9rt\u00e9k ar\u00e1nya miatt versenyk\u00e9pes alternat\u00edv\u00e1t k\u00edn\u00e1l. Kedvez\u0151bb \u00e1ra, megfelel\u0151 falvastags\u00e1ga \u00e9s j\u00f3 h\u0151szigetel\u00e9si k\u00e9pess\u00e9ge teszi n\u00e9pszer\u0171v\u00e9 \u00fcgyfeleink k\u00f6r\u00e9ben. A kiv\u00e1l\u00f3 min\u0151s\u00e9g\u0171 Aliplast [&hellip;]<\/p>\n","protected":false},"author":2,"featured_media":1130,"parent":0,"menu_order":0,"comment_status":"closed","ping_status":"open","template":"","meta":{"footnotes":""},"class_list":["post-246","page","type-page","status-publish","has-post-thumbnail","hentry"],"aioseo_notices":[],"_links":{"self":[{"href":"https:\/\/confector.hu\/nyilaszaro\/wp-json\/wp\/v2\/pages\/246","targetHints":{"allow":["GET"]}}],"collection":[{"href":"https:\/\/confector.hu\/nyilaszaro\/wp-json\/wp\/v2\/pages"}],"about":[{"href":"https:\/\/confector.hu\/nyilaszaro\/wp-json\/wp\/v2\/types\/page"}],"author":[{"embeddable":true,"href":"https:\/\/confector.hu\/nyilaszaro\/wp-json\/wp\/v2\/users\/2"}],"replies":[{"embeddable":true,"href":"https:\/\/confector.hu\/nyilaszaro\/wp-json\/wp\/v2\/comments?post=246"}],"version-history":[{"count":26,"href":"https:\/\/confector.hu\/nyilaszaro\/wp-json\/wp\/v2\/pages\/246\/revisions"}],"predecessor-version":[{"id":1132,"href":"https:\/\/confector.hu\/nyilaszaro\/wp-json\/wp\/v2\/pages\/246\/revisions\/1132"}],"wp:featuredmedia":[{"embeddable":true,"href":"https:\/\/confector.hu\/nyilaszaro\/wp-json\/wp\/v2\/media\/1130"}],"wp:attachment":[{"href":"https:\/\/confector.hu\/nyilaszaro\/wp-json\/wp\/v2\/media?parent=246"}],"curies":[{"name":"wp","href":"https:\/\/api.w.org\/{rel}","templated":true}]}}