{"id":228,"date":"2015-08-17T07:16:06","date_gmt":"2015-08-17T06:16:06","guid":{"rendered":"https:\/\/confector.hu\/nyilaszaro\/?page_id=228"},"modified":"2024-11-05T12:01:20","modified_gmt":"2024-11-05T11:01:20","slug":"passzivhaz-ablak","status":"publish","type":"page","link":"https:\/\/confector.hu\/nyilaszaro\/passzivhaz-ablak\/","title":{"rendered":"Passz\u00edvh\u00e1z ablak"},"content":{"rendered":"<p style=\"text-align: justify;\">A XXI. sz\u00e1zadban egyre nyilv\u00e1nval\u00f3bb\u00e1 v\u00e1l\u00f3 kl\u00edmav\u00e1ltoz\u00e1s \u00e9s az energia\u00e1rak emelked\u00e9se megk\u00f6veteli az energiahat\u00e9konys\u00e1g n\u00f6vel\u00e9s\u00e9t \u00e9s a k\u00f6rnyezettudatos \u00e9p\u00edt\u00e9si m\u00f3dszerek elterjed\u00e9s\u00e9t. Az Eur\u00f3pai Uni\u00f3 hat\u00e1rozata alapj\u00e1n 2018-t\u00f3l a k\u00f6zszf\u00e9ra, 2020-t\u00f3l pedig a mag\u00e1nszf\u00e9ra \u00e1ltal \u00e9p\u00edtett minden \u00e9p\u00fcletnek passz\u00edvh\u00e1z technol\u00f3gi\u00e1val kell k\u00e9sz\u00fclnie.<\/p>\n<p style=\"text-align: justify;\">A passz\u00edvh\u00e1z technol\u00f3gia az \u00e9p\u00fcletek energiafelhaszn\u00e1l\u00e1s\u00e1t a kiv\u00e1l\u00f3 h\u0151szigetel\u00e9s \u00e9s a meg\u00fajul\u00f3 energiaforr\u00e1sok kihaszn\u00e1l\u00e1s\u00e1val gyakorlatilag null\u00e1ra reduk\u00e1lja, \u00e9s a k\u00f6rnyezettudatoss\u00e1g maxim\u00e1lis szintj\u00e9t val\u00f3s\u00edtja meg. A passz\u00edvh\u00e1z technol\u00f3gia egyik sarokeleme a megfelel\u0151 ny\u00edl\u00e1sz\u00e1r\u00f3k kiv\u00e1laszt\u00e1sa. Az ablakok a h\u00e1romr\u00e9teg\u0171 \u00fcvegez\u00e9s miatt t\u00e9len kev\u00e9s h\u0151t engednek ki, viszont a magas napt\u00e9nyez\u0151 (g) \u00e9rt\u00e9k miatt megfelel\u0151 mennyis\u00e9g\u0171 napenergi\u00e1t engednek a lak\u00f3t\u00e9rbe. Passz\u00edvh\u00e1z ablakrendszereinket nemcsak azoknak a vev\u0151inknek aj\u00e1nljuk, akik passz\u00edvh\u00e1z \u00e9p\u00edt\u00e9s\u00e9t tervezik, hanem azoknak is, akik egyszer\u0171en<span>\u00a0<\/span><strong>extra min\u0151s\u00e9g\u0171 h\u0151szigetel\u00e9sre<\/strong><span><strong>\u00a0<\/strong><\/span>v\u00e1gynak, \u00e9s nem el\u00e9gednek meg az \u00e1tlagos min\u0151s\u00e9ggel.<\/p>\n<p style=\"text-align: justify;\">Budapesti gy\u00e1rt\u00f3k\u00e9nt \u2013 nem keresked\u0151k\u00e9nt \u2013 k\u00f6zeli kapcsolatot tudunk \u00e1polni \u00fcgyfeleinkkel a tervez\u00e9s, a szaktan\u00e1csad\u00e1s \u00e9s a kivitelez\u00e9s ter\u00fclet\u00e9n. Keresked\u0151i \u00e1rr\u00e9st kiiktatva, k\u00f6zvetlen\u00fcl \u00e1llunk \u00fcgyfeleink rendelkez\u00e9s\u00e9re.<\/p>\n<p style=\"text-align: justify;\">Term\u00e9keink vezet\u0151 profilja<span>\u00a0<\/span><strong>GENEO PHZ passz\u00edvh\u00e1z m\u0171anyag ablak rendszer<\/strong>, mely a n\u00e9met Rehau GENEO ablakprofil csal\u00e1d extra h\u0151szigetel\u00e9ssel rendelkez\u0151 v\u00e1ltozata.<span>\u00a0<\/span>GENEO PHZ ablakprofil a kamr\u00e1kban elhelyezett szigetel\u0151 bet\u00e9tek \u00e9s a kamr\u00e1s\u00edtott k\u00f6z\u00e9pt\u00f6m\u00edt\u00e9s alkalmass\u00e1 teszi a passz\u00edvh\u00e1zakban t\u00f6rt\u00e9n\u0151 alkalmaz\u00e1sra. A profilrendszer egyes\u00edti a GENEO profilcsal\u00e1d el\u0151ny\u00f6s tulajdons\u00e1gait a passz\u00edvh\u00e1z szabv\u00e1nyban el\u0151\u00edrt \u00e9rt\u00e9keknek val\u00f3 megfelel\u0151s\u00e9ggel.<span>\u00a0<\/span>A passz\u00edvh\u00e1z sztenderdek alap\u00edt\u00f3ja, a Passivhausinstitut Darmstadt \u00e1ltal passz\u00edvh\u00e1zakhoz alkalmasnak min\u0151s\u00edtett rendszer. A passz\u00edvh\u00e1z ablakrendszer egyedi m\u00e9retekben \u00e9s kialak\u00edt\u00e1sban (\u00edves ablak, h\u00e1romsz\u00f6g, ferde \u00e9l\u0171 ablak) is el\u00e9rhet\u0151.<\/p>\n<p>&nbsp;<\/p>\n<h3>Passz\u00edvh\u00e1z ablakprofil tulajdons\u00e1gai:<\/h3>\n<ul style=\"text-align: justify;\">\n<li><img loading=\"lazy\" decoding=\"async\" src=\"https:\/\/confector.hu\/nyilaszaro\/wp-content\/uploads\/2015\/08\/passzivhaz-ablak.jpg\" alt=\"passzivhaz-ablak\" class=\" size-full wp-image-390 alignright\" width=\"420\" height=\"388\" srcset=\"https:\/\/confector.hu\/nyilaszaro\/wp-content\/uploads\/2015\/08\/passzivhaz-ablak.jpg 420w, https:\/\/confector.hu\/nyilaszaro\/wp-content\/uploads\/2015\/08\/passzivhaz-ablak-300x277.jpg 300w\" sizes=\"auto, (max-width: 420px) 100vw, 420px\" \/>Be\u00e9p\u00edt\u00e9si m\u00e9lys\u00e9g: 86 mm \/ k\u00f6z\u00e9pt\u00f6m\u00edt\u00e9s<\/li>\n<li>H\u0151szigetel\u00e9s: Uf = 0,77 W\/m2K-ig<\/li>\n<li>Kamrasz\u00e1m: 6 kamr\u00e1s<\/li>\n<li>RAU-FIPRO sz\u00e1ler\u0151s\u00edt\u00e9s\u0171 kompozit m\u0171anyag profilmag, koextrud\u00e1lt kiv\u00e1l\u00f3 fel\u00fclet\u0171 RAU-PVC k\u00fcls\u0151 r\u00e9teggel k\u00f6r\u00fclv\u00e9ve.<\/li>\n<li>Alkalmas fokozott hangg\u00e1tl\u00e1s\u00fa ny\u00edl\u00e1sz\u00e1r\u00f3k elk\u00e9sz\u00edt\u00e9s\u00e9re ak\u00e1r Rw= 47 dB \u00e9rt\u00e9kig<\/li>\n<li>Bet\u00f6r\u00e9ssel szembeni ellen\u00e1ll\u00f3s\u00e1g: 3-as oszt\u00e1lyig, merev\u00edt\u00e9s n\u00e9lk\u00fcl 2-es oszt\u00e1lyig<\/li>\n<li>L\u00e9g\u00e1tereszt\u00e9s: 4 oszt\u00e1ly (EN 12207)<\/li>\n<li>V\u00edzz\u00e1r\u00e1s: 9A oszt\u00e1ly (EN 12208)<\/li>\n<\/ul>\n<p>&nbsp;<\/p>\n<p style=\"text-align: justify;\">GENEO PHZ passz\u00edvh\u00e1z ablakprofilunk el\u0151ny\u00f6s tulajdons\u00e1gai k\u00f6z\u00f6tt fontos megeml\u00edteni a keskeny profilkialak\u00edt\u00e1st: a tok \u00e9s sz\u00e1rny egy\u00fcttes m\u00e9rete csak 115 mm, mely fontos az optim\u00e1lis benapoz\u00e1s miatt. Az anyag\u00e1ban merev\u00edtett profilrendszer \u2013 RAU-FIPRO \u2013 adott m\u00e9retek k\u00f6z\u00f6tt ac\u00e9l merev\u00edt\u00e9s n\u00e9lk\u00fcl is alkalmas ny\u00edl\u00e1sz\u00e1r\u00f3k gy\u00e1rt\u00e1s\u00e1ra, kisebb s\u00falyukkal egyszer\u0171bb\u00e9 teszik a sz\u00e1ll\u00edt\u00e1st, be\u00e9p\u00edt\u00e9st. Az \u00faj fejleszt\u00e9s\u0171 t\u00f6m\u00edt\u00e9sgeometri\u00e1nak k\u00f6sz\u00f6nhet\u0151en k\u00f6nnyebb az ablakok, ajt\u00f3k m\u0171k\u00f6dtet\u00e9se, cs\u00f6kkentett a z\u00e1r\u00f3d\u00e1si nyom\u00e1s. A profilfel\u00fcletek rendk\u00edv\u00fcl sim\u00e1k, kev\u00e9sb\u00e9 hajlamosak a szennyez\u0151d\u00e9sre, k\u00f6nnyen tiszt\u00edthat\u00f3k, karbantarthat\u00f3k. A REHAU profilok \u00fajrahasznos\u00edthat\u00f3k, k\u00f6rnyezetbar\u00e1tok.<\/p>\n<p style=\"text-align: justify;\">Rehau GENEO PHZ passz\u00edvh\u00e1z ablakprofil-rendszer\u00fcnk alkalmas k\u00fcl\u00f6nb\u00f6z\u0151 \u00e9p\u00edt\u00e9szeti elk\u00e9pzel\u00e9sek megval\u00f3s\u00edt\u00e1s\u00e1ra, mind forma mind sz\u00edn tekintet\u00e9ben. T\u00f6bbf\u00e9le sz\u00ednkialak\u00edt\u00e1s lehets\u00e9ges kas\u00edroz\u00e1ssal, vagy k\u00fcls\u0151 alum\u00ednium r\u00e1t\u00e9tlemezekkel, mely nem csak egyedi sz\u00ednt ad az ablakoknak \u00e9s erk\u00e9lyajt\u00f3knak, hanem modern st\u00edlus\u00fa megjelen\u00e9st is k\u00f6lcs\u00f6n\u00f6z a ny\u00edl\u00e1sz\u00e1r\u00f3nak.<\/p>\n<p style=\"text-align: justify;\"><img loading=\"lazy\" decoding=\"async\" src=\"https:\/\/confector.hu\/nyilaszaro\/wp-content\/uploads\/2015\/08\/passzivhaz-ablak-2.jpg\" alt=\"passzivhaz-ablak-2\" class=\"alignnone size-full wp-image-540\" width=\"420\" height=\"217\" srcset=\"https:\/\/confector.hu\/nyilaszaro\/wp-content\/uploads\/2015\/08\/passzivhaz-ablak-2.jpg 420w, https:\/\/confector.hu\/nyilaszaro\/wp-content\/uploads\/2015\/08\/passzivhaz-ablak-2-300x155.jpg 300w\" sizes=\"auto, (max-width: 420px) 100vw, 420px\" \/><img loading=\"lazy\" decoding=\"async\" src=\"https:\/\/confector.hu\/nyilaszaro\/wp-content\/uploads\/2015\/08\/passzivhaz-ablak-3.jpg\" alt=\"passzivhaz-ablak-3\" class=\"alignnone size-full wp-image-541\" width=\"420\" height=\"531\" srcset=\"https:\/\/confector.hu\/nyilaszaro\/wp-content\/uploads\/2015\/08\/passzivhaz-ablak-3.jpg 420w, https:\/\/confector.hu\/nyilaszaro\/wp-content\/uploads\/2015\/08\/passzivhaz-ablak-3-237x300.jpg 237w\" sizes=\"auto, (max-width: 420px) 100vw, 420px\" \/><\/p>\n<div class=\"erdeklodom\"><a href=\"https:\/\/confector.hu\/nyilaszaro\/kapcsolat\">\u00c9rdekl\u0151d\u00f6m <i class=\"fa fa-arrow-circle-right\"><\/i><\/a><\/div>\n","protected":false},"excerpt":{"rendered":"<p>A XXI. sz\u00e1zadban egyre nyilv\u00e1nval\u00f3bb\u00e1 v\u00e1l\u00f3 kl\u00edmav\u00e1ltoz\u00e1s \u00e9s az energia\u00e1rak emelked\u00e9se megk\u00f6veteli az energiahat\u00e9konys\u00e1g n\u00f6vel\u00e9s\u00e9t \u00e9s a k\u00f6rnyezettudatos \u00e9p\u00edt\u00e9si m\u00f3dszerek elterjed\u00e9s\u00e9t. Az Eur\u00f3pai Uni\u00f3 hat\u00e1rozata alapj\u00e1n 2018-t\u00f3l a k\u00f6zszf\u00e9ra, 2020-t\u00f3l pedig a mag\u00e1nszf\u00e9ra \u00e1ltal \u00e9p\u00edtett minden \u00e9p\u00fcletnek passz\u00edvh\u00e1z technol\u00f3gi\u00e1val kell k\u00e9sz\u00fclnie. A passz\u00edvh\u00e1z technol\u00f3gia az \u00e9p\u00fcletek energiafelhaszn\u00e1l\u00e1s\u00e1t a kiv\u00e1l\u00f3 h\u0151szigetel\u00e9s \u00e9s a meg\u00fajul\u00f3 energiaforr\u00e1sok kihaszn\u00e1l\u00e1s\u00e1val [&hellip;]<\/p>\n","protected":false},"author":2,"featured_media":1119,"parent":0,"menu_order":0,"comment_status":"closed","ping_status":"closed","template":"","meta":{"footnotes":""},"class_list":["post-228","page","type-page","status-publish","has-post-thumbnail","hentry"],"aioseo_notices":[],"_links":{"self":[{"href":"https:\/\/confector.hu\/nyilaszaro\/wp-json\/wp\/v2\/pages\/228","targetHints":{"allow":["GET"]}}],"collection":[{"href":"https:\/\/confector.hu\/nyilaszaro\/wp-json\/wp\/v2\/pages"}],"about":[{"href":"https:\/\/confector.hu\/nyilaszaro\/wp-json\/wp\/v2\/types\/page"}],"author":[{"embeddable":true,"href":"https:\/\/confector.hu\/nyilaszaro\/wp-json\/wp\/v2\/users\/2"}],"replies":[{"embeddable":true,"href":"https:\/\/confector.hu\/nyilaszaro\/wp-json\/wp\/v2\/comments?post=228"}],"version-history":[{"count":13,"href":"https:\/\/confector.hu\/nyilaszaro\/wp-json\/wp\/v2\/pages\/228\/revisions"}],"predecessor-version":[{"id":1451,"href":"https:\/\/confector.hu\/nyilaszaro\/wp-json\/wp\/v2\/pages\/228\/revisions\/1451"}],"wp:featuredmedia":[{"embeddable":true,"href":"https:\/\/confector.hu\/nyilaszaro\/wp-json\/wp\/v2\/media\/1119"}],"wp:attachment":[{"href":"https:\/\/confector.hu\/nyilaszaro\/wp-json\/wp\/v2\/media?parent=228"}],"curies":[{"name":"wp","href":"https:\/\/api.w.org\/{rel}","templated":true}]}}